 derivative of d**5/20 + d**4/12 + 5*d**2 + 58*d. Let b = -7 - -7. What is the remainder when 59 is divided by h(b)?
9
Let r = 6 - -8. Let d(z) = 2*z**3 + 17*z**2 + 28*z + 164. Calculate the remainder when r is divided by d(-8).
2
Let l be (-4*(-1)/(-2))/1 - -89. Let y = -31 - -45. Calculate the remainder when (l - 4) + (5 - 1 - 4) is divided by y.
13
Let s = -1870 + 5040. Calculate the remainder when s is divided by 26.
24
Let b(a) = -a**3 + 34*a**2 - 34*a + 55. Calculate the remainder when 807 is divided by b(33).
15
Suppose -859*h + 832*h = -3915. What is the remainder when 511 is divided by h?
76
Calculate the remainder when 232 is divided by 1080/(-216) + 1*81.
4
Let p(k) = -73*k + 189. Calculate the remainder when p(-6) is divided by 166.
129
Let i = -10780 + 11080. Calculate the remainder when i is divided by 110.
80
Suppose -16635 + 73848 = 489*r. What is the remainder when 4328 is divided by r?
116
Let w(i) be the second derivative of 9*i**3/2 + 47*i**2/2 - 15*i + 2. What is the remainder when w(18) is divided by 67?
64
Calculate the remainder when 2374 is divided by (-420)/(-112)*(-40)/(-6).
24
Suppose 216*n - 224*n + 504 = g, 3*n - 146 = 5*g. Calculate the remainder when 1917 is divided by n.
57
Suppose c - 16 = 2*p - 56, -3*c + 122 = 5*p. Suppose -p*q + 6*q + 4080 = 0. Calculate the remainder when q is divided by 43.
40
Let n(m) = m**3 + 29*m**2 - 56*m - 2055. Calculate the remainder when n(-28) is divided by 208.
89
Suppose -60*j - 273 = -63*j. Calculate the remainder when 271 is divided by j.
89
Let l = 14 - 74. Let a = 80 + l. Calculate the remainder when 67 is divided by ((-805)/a)/(-7)*4.
21
Let o(l) = l**2 + 16*l + 64. Let m be o(-10). What is the remainder when m/(231/56 + -4) is divided by 7?
4
Suppose 47 = -32*d - 49. Let m(i) = 4*i**3 + i. Calculate the remainder when d/((-24)/32) - (-56)/2 is divided by m(1).
2
Let m = -1175 - -1234. What is the remainder when 109 is divided by m?
50
Let d(s) = -3*s + 17. Suppose 0 = -2*n - 97 + 61. Calculate the remainder when d(n) is divided by 25.
21
Let w = -1 - -5. Suppose -2*z = -0*z - w*p, -4*p = z - 18. Suppose 5*r = 4*n - 143, -z*n - r = -5*n - 38. Calculate the remainder when n is divided by 15.
7
Let f = -337 + 403. Suppose -13 - 11 = -4*t. What is the remainder when f is divided by (-51)/9*-1*t?
32
Let c = 4 - 1. Let w(n) = -2 - 19*n**2 + 3*n**2 + 8*n**2 + 17*n**2. Calculate the remainder when w(c) is divided by 21.
16
Let s(i) = -i**2 - 11*i - 4. Let l(o) = -o**3 - 38*o**2 - 46*o - 79. Let x be l(-37). Let h = x - 217. What is the remainder when h is divided by s(-8)?
17
Suppose -126 - 63 = -63*r. Calculate the remainder when (-2)/7 - 699/(-21) is divided by r.
0
Let x(v) = v**3 - 31*v**2 + 271*v + 14. Calculate the remainder when x(18) is divided by 49.
43
Let m = -4383 + 4526. What is the remainder when m is divided by 40?
23
Let x(y) = -y**3 - 2*y**2 - 4*y - 7. Let o be x(-2). Calculate the remainder when 50 is divided by (o + -2)*29/4*-4.
21
Let p(b) = 32*b**3 + 8*b**2 - 16*b + 8. Calculate the remainder when 1591 is divided by p(2).
7
Let u(b) = b**3 + 11*b**2 - 9*b - 37. Let v be u(-11). Calculate the remainder when 111 is divided by v - 10/(-15)*-9.
55
Suppose 4*b = 5*v - 8326, -23*v + 27*v - 8*b - 6656 = 0. Calculate the remainder when v is divided by 20.
6
Let f be (-4)/(-7) - (-4625)/175. Suppose f*j - 103 = 545. Calculate the remainder when 477 is divided by j.
21
Let u(d) = -520*d + 9286. Calculate the remainder when u(14) is divided by 49.
46
Let t = 254 + -116. Suppose -a = 5, -2*u - a - 36 = 19. What is the remainder when t is divided by u/3*(-126)/105?
8
Suppose -q + 4*x = 2*q + 160, 0 = -5*q + 5*x - 265. Let r = q + 28. Let w(z) = z**3 + 23*z**2 - 31*z + 16. What is the remainder when w(r) is divided by 31?
29
Suppose 3*x - 38 = 34. Suppose 53068*v - 53643*v = -32775. What is the remainder when v is divided by x?
9
Let r = 19 - 44. Let x = r - -33. What is the remainder when 17 is divided by ((-2)/(-3))/(x/36)?
2
Calculate the remainder when (-285)/6*6/(-10)*(-224)/(-24) is divided by 65.
6
Let h(x) = -10*x + 75. Suppose -3*q - 5*q + 48 = 0. Calculate the remainder when 86 is divided by h(q).
11
Suppose -20*n - 4*m + 844 = 0, 4*n + m + 2*m = 182. Calculate the remainder when 5076 is divided by n.
33
Suppose -3041*m - 39970 = -3051*m. Calculate the remainder when m is divided by 43.
41
Let u(d) = -d**2 + 34*d - 164. Suppose -2*h + 18 = h. What is the remainder when 40 is divided by u(h)?
0
Suppose -2*w + 3071 = 5*s, 3*w - 3972 - 642 = -5*s. What is the remainder when w is divided by 220?
3
Let m = -544 + 255. Let f = 322 + m. Calculate the remainder when 160 is divided by f.
28
Let v = -5 - -7. Let f = 5 + v. Let k(y) = 18*y**3 + 2*y**2 - 2*y. What is the remainder when k(1) is divided by f?
4
Suppose 39*z = -171 + 951. What is the remainder when (21/(-4))/(12/(-400)) is divided by z?
15
Let f be 484 + 5 + -3 + 4. Suppose 0 = 5*k + 5*g - 660, 0 = -4*k + 5*g + f + 29. What is the remainder when k is divided by 6?
5
Suppose 1083 = -3*u + 8643. What is the remainder when (-15)/(-9) - u/(-27) is divided by 49?
46
Let p(u) = u**2 + u - 6. Let a = -47 - -49. Let l(q) = 4*q + 1. Calculate the remainder when p(5) is divided by l(a).
6
What is the remainder when 806 is divided by (157 + -67)*(18/5)/3?
50
Calculate the remainder when (3*1)/(9516/396 - 24) is divided by 36.
27
Let k = -2819 + 2876. Calculate the remainder when 718 is divided by k.
34
Suppose -2*y - y = 3*y - 10446. What is the remainder when y is divided by 9?
4
Let w(a) = 3*a**2 - 24*a + 372. What is the remainder when w(-13) is divided by 240?
231
Suppose -3*p + 3*w = 405, -3*w = p - 6*w + 129. Let v = p - -294. Suppose -7*m = -m - v. Calculate the remainder when m is divided by 15.
11
Let l(c) = -2*c**3 - 172*c**2 + 353*c + 268. Let f = 40 - -8. Calculate the remainder when l(-88) is divided by f.
36
Suppose -156 = 64*h - 66*h. Suppose 0 = -26*r + 572 + h. Calculate the remainder when 99 is divided by r.
24
Let m = -286 - -545. What is the remainder when m is divided by 52?
51
Let r = -4705 + 4791. Calculate the remainder when 9630 is divided by r.
84
Suppose 1544 = -46*k - 11*k + 6959. What is the remainder when k is divided by 36?
23
Let f(n) = 3*n**2 + 5*n + 38. Let c be f(-16). Suppose c = 4*p - 18. Let i = -122 + p. What is the remainder when i is divided by 34?
30
Suppose -2*n + 33 = 27. Suppose n*u + 5*j = 1419, 2*j + 1449 = 3*u - 3*j. What is the remainder when u is divided by 32?
30
Let y = 7589 + -7408. Calculate the remainder when 923 is divided by y.
18
Suppose -3*f = -3*m - 1710, 4*f + f - 4*m = 2850. Suppose 2*x = 4*w - f, 7*w - 5*x + 148 = 8*w. What is the remainder when w is divided by 30?
23
Suppose -5*q = -8*j + 5*j - 145, -2*j - 75 = q. Let x be j/12 + 3 + (-700)/(-12). Calculate the remainder when x/8 - 26/104 is divided by 1.
0
Suppose -2*x + 12 = -r + 273, -x + 1305 = 5*r. What is the remainder when r is divided by 85?
6
Let b(o) = -o**3 - 14*o**2 - 18*o - 22. What is the remainder when 555 is divided by b(-13)?
39
Suppose 43*i - 2402 = -30*i - 577. What is the remainder when 7349 is divided by i?
24
Suppose 3*p - 87 = 4*a + 198, -365 = 5*a - 2*p. Let v = -75 - a. Suppose v*t - 4*t + 8 = 0. Calculate the remainder when 9 is divided by t.
1
Let o = -9070 - -9076. Calculate the remainder when 327 is divided by o.
3
Suppose 277 = 17*i - 1950. Calculate the remainder when 1563 is divided by i.
122
Let o = -2685 - -4532. What is the remainder when o is divided by 37?
34
Let y be (-6*1)/(((-119)/(-252))/(-17)). Suppose n - v = y, -2*n - 4*v = -231 - 201. What is the remainder when n is divided by 44?
40
Calculate the remainder when (229/3*1)/(22/66) is divided by 127.
102
Calculate the remainder when 223 is divided by (-2)/2*-3 + (-312)/(-1 - 25).
13
Suppose -3*l = -3*v + 3, 0*v - 2 = -v + 2*l. What is the remainder when 41 is divided by (v/(-6))/(3 - 0) + 12?
5
Let r(c) = c**3 - 5*c**2 + 7*c - 5. Let a be r(4). Suppose j - 1920 = -a*j. Suppose 0 = -p - 36 + j. What is the remainder when p is divided by 52?
48
Let d(p) = p**2 + 34*p + 317. Let a = 9 + 4. Calculate the remainder when d(-14) is divided by a.
11
Let a = 14 + -10. Suppose 4*b - 29 = -s, 5*b = -a*s + 2*s + 43. What is